 1. What is v(-3)?
2
Let z(g) = -g**2 + 3*g - 5. What is z(7)?
-33
Let g(i) = i**3 - 30*i**2 + 2*i - 58. Determine g(30).
2
Let t(v) = -v**2 - 4*v + 10. Give t(-6).
-2
Let u(a) = -51*a**2. Determine u(-1).
-51
Let n(p) = p**3 + 11*p**2 + 11*p - 21. What is n(-7)?
98
Let j(l) = 3*l + 2. Give j(-4).
-10
Let m(k) = -k**3 + 12*k**2 - 11*k + 10. Calculate m(11).
10
Let i(t) = -t + 2. Determine i(4).
-2
Let f(r) = 5*r - 3. Calculate f(7).
32
Let d(v) = -v**3 - 6*v**2 - 3*v + 6. Determine d(-5).
-4
Let q(z) = -z**3 + 7*z**2 + 5*z + 42. Determine q(8).
18
Let r(c) = -c + 9. Determine r(7).
2
Let t(c) = 2*c**3 + 11*c**2 + 7*c + 11. Determine t(-5).
1
Let u(r) = -r - 26. What is u(-18)?
-8
Let g(c) = 4*c - 6. Give g(-6).
-30
Let d(r) = r**2 + 3*r - 6. Determine d(2).
4
Let i(n) = 34*n - 138. Give i(4).
-2
Let b(i) = -i**3 + 9*i**2 + 13. Calculate b(9).
13
Let i(n) = -n**3 - n + 3. What is i(5)?
-127
Let j(d) = -d**3 - 3*d**2 + 16*d + 21. Calculate j(-5).
-9
Let q(i) = i**3 + 3*i**2 + 4*i - 1. What is q(-2)?
-5
Let d(g) = -22*g - 2. Calculate d(-2).
42
Let z(n) = 29*n - 217. Determine z(7).
-14
Let d(w) = 7*w - 8. Determine d(-5).
-43
Let h(s) = s**2 - 7*s + 11. What is h(5)?
1
Let r(n) = n**2 + 6*n + 8. Give r(-7).
15
Let x(i) = i**2 + 15*i + 23. What is x(-14)?
9
Let x(k) = k**3 - 26*k**2 + 22*k + 73. Calculate x(25).
-2
Let n(x) = -18*x + 58. What is n(3)?
4
Let u(f) = -f**2 - 16*f - 11. Calculate u(-8).
53
Let g(b) = b**2 + 5. Give g(0).
5
Let t(v) = 8*v - 31. Give t(4).
1
Let n(t) = t. What is n(-4)?
-4
Let u(s) = -s**2 - 13*s - 4. Determine u(-12).
8
Let i(l) = l**2 + 17*l + 6. What is i(-11)?
-60
Let w(o) = 22*o + 282. Give w(-13).
-4
Let i(r) = r**3 - 8*r**2 + 5*r - 5. What is i(7)?
-19
Let y(w) = 2*w**2 - 27*w + 1. Give y(14).
15
Let h(w) = 4*w**3 - 2*w**2 + 17*w + 20. Give h(-1).
-3
Let u(r) = -r**3 + 16*r**2 - 17*r - 18. Calculate u(15).
-48
Let k(q) = -q**2 - 2*q + 2. What is k(0)?
2
Let l(y) = y**3 + 7*y**2 - 23*y + 5. What is l(-9)?
50
Let c(b) = -3*b + 47. What is c(16)?
-1
Let v(l) = -l**2 - 8*l - 12. What is v(-6)?
0
Let x(d) = -d**3 - 3*d**2 - 3*d - 1. What is x(-3)?
8
Let g(a) = -a**3 - 9*a**2 - 11*a - 2. Determine g(-8).
22
Let d(f) = f**3 - 8*f**2 + 9*f - 1. Give d(7).
13
Let r(u) = u**3 - 30*u**2 + 25*u + 94. Calculate r(29).
-22
Let k(q) = -q**3 + 4*q**2 - 7*q + 7. Determine k(3).
-5
Let k(s) = s**3 + s**2 - s - 24. Calculate k(0).
-24
Let w(x) = 5*x - 2. What is w(6)?
28
Let o(n) = n + 13. Give o(5).
18
Let j(w) = 15*w + 17. Calculate j(-4).
-43
Let x(v) = -v**2 - 26*v - 116. Calculate x(-23).
-47
Let p(c) = -c**2 + 17*c + 22. Determine p(18).
4
Let i(q) = q**3 + 9*q**2 - 84. What is i(-8)?
-20
Let i(q) = q**2 - 18*q + 20. Determine i(17).
3
Let h(v) = -6*v**3 + 51*v**2 - 26*v + 11. Determine h(8).
-5
Let t(l) = l**3 + 2*l**2 + l - 24. What is t(0)?
-24
Let g(m) = m**3 - 13*m**2 + 21*m + 9. Determine g(10).
-81
Let d(t) = t**2 + 4*t + 7. Give d(-4).
7
Let l(o) = -6*o - 18. Determine l(-3).
0
Let d(u) = 8*u + 100. Give d(-6).
52
Let m(l) = 15*l - 2. Calculate m(2).
28
Let q(c) = -c**3 - 5*c**2 + 4*c - 1. Give q(-4).
-33
Let y(s) = -s**3 + 5*s**2 + 14*s - 4. What is y(7)?
-4
Let r(a) = -10*a**2 - 42*a - 5. Determine r(-4).
3
Let b(a) = a**3 + 4*a**2 + 31. What is b(-5)?
6
Let l(g) = 3*g - 20. Give l(5).
-5
Let r(a) = -2*a**3 + a - 5. Determine r(0).
-5
Let o(d) = -78*d + 544. What is o(7)?
-2
Let n(u) = u**3 - 13*u**2 + 12*u - 5. Determine n(12).
-5
Let z(d) = d**3 + d**2 - 4*d + 31. Determine z(-4).
-1
Let j(r) = r**2 - 8*r + 9. Calculate j(7).
2
Let z(f) = f**2 + 17*f + 52. What is z(-5)?
-8
Let o(h) = 2*h**2 + 11*h - 2. Give o(-7).
19
Let k(l) = -l - 9. Determine k(-6).
-3
Let u(l) = -4*l - 1. Determine u(0).
-1
Let g(n) = 25*n - 604. Determine g(24).
-4
Let m(b) = -18*b - 38. Give m(-5).
52
Let r(i) = -i + 10. Give r(-2).
12
Let i(q) = -q**3 + 3*q**2 + q - 2. What is i(1)?
1
Let t(h) = h**2 + 11*h - 7. Determine t(-13).
19
Let w(u) = 11*u - 11. What is w(4)?
33
Let c(m) = m**3 + 5*m**2 - 16*m - 14. Give c(-7).
0
Let x(h) = -3*h - 56. What is x(-14)?
-14
Let a(f) = -2*f**2 - 16*f - 10. Calculate a(-7).
4
Let s(p) = -4*p + 11. Give s(5).
-9
Let p(t) = 4*t**2 - 30*t + 2. Determine p(8).
18
Let b(l) = l + 7. Give b(-3).
4
Let q(l) = -l**2 + 5*l + 41. What is q(10)?
-9
Let g(m) = m**3 + 8*m**2 - 6*m - 5. What is g(-9)?
-32
Let v(o) = 67*o**2 - o - 1. What is v(1)?
65
Let y(s) = -3*s**2 + 19*s + 11. What is y(8)?
-29
Let y(x) = -3*x**2 + 12*x - 6. What is y(6)?
-42
Let w(y) = -98*y**3 + 2*y**2 + 2*y + 1. What is w(-1)?
99
Let t(x) = -3*x + 9. Determine t(-7).
30
Let g(m) = -m**2 + 14*m + 22. What is g(15)?
7
Let f(k) = -k**2 + 8*k + 6. What is f(5)?
21
Let b(k) = -k**3 - 16*k**2 + 16*k - 8. Determine b(-17).
9
Let d(y) = y**3 - 38*y**2 + 106*y - 37. Determine d(35).
-2
Let i(d) = -d**3 - 7*d**2 + 12*d + 19. Determine i(-8).
-13
Let o(u) = u**3 + 17*u**2 + 67*u + 10. Give o(-11).
-1
Let v(t) = 2*t**2 + 1. Give v(1).
3
Let g(v) = -v**3 + 10*v**2 - 9*v - 6. Determine g(9).
-6
Let d(r) = 43*r + 11. Give d(3).
140
Let s(t) = -419*t - 413. What is s(-1)?
6
Let i(z) = -2*z + 7. What is i(9)?
-11
Let v(w) = -w - 14. What is v(-6)?
-8
Let z(m) = -2*m - 22. Give z(-15).
8
Let t(p) = 3*p - 8. Give t(5).
7
Let t(b) = -62*b - 4. Give t(0).
-4
Let y(m) = -m**2 + 9*m - 5. Calculate y(10).
-15
Let q(z) = -2*z - 4. Give q(-11).
18
Let r(l) = -l**3 - 4*l**2 + 2*l - 7. What is r(-5)?
8
Let p(g) = 22*g + 2. Give p(2).
46
Let t(y) = -25*y + 38. Determine t(0).
38
Let w(f) = 3*f + 21. Calculate w(-9).
-6
Let p(m) = -m**3 + 8*m**2 - 7*m - 2. Give p(6).
28
Let z(r) = r**2 + r. Calculate z(-3).
6
Let x(j) = 2*j - 26. What is x(11)?
-4
Let m(t) = -t**3 - 9*t**2 + 6*t + 3. Determine m(-8).
-109
Let a(r) = -r**2 - 11*r - 8. What is a(-7)?
20
Let b(t) = -7*t**2 - 18*t + 4. What is b(-4)?
-36
Let m(h) = 6*h**3 - h**2 - h - 1. Calculate m(-1).
-7
Let y(v) = v**3 - 11*v**2 + 10*v - 3. Give y(10).
-3
Let x(n) = 2*n**2 + 26*n + 30. Give x(-13).
30
Let y(i) = 13*i**3 - 2*i**2 + i + 1. Give y(-1).
-15
Let n(l) = -l - 7. Calculate n(-7).
0
Let p(a) = a**2 + 9*a - 7. What is p(-6)?
-25
Let o(x) = -2*x**3 - 8*x**2 - 10*x + 5. Determine o(-4).
45
Let q(l) = l**2 + 24*l + 11. Give q(-24).
11
Let r(a) = -9*a + 3. Determine r(5).
-42
Let p(v) = 4*v**2 + 8*v - 49. What is p(3)?
11
Let a(y) = -9*y - 10. What is a(10)?
-100
Let j(n) = n + 1. What is j(-14)?
-13
Let k(m) = 97*m**2 + 4*m. Calculate k(1).
101
Let y(x) = x**2 + 7*x + 5. Determine y(-4).
-7
Let o(y) = -2*y**3 + 32*y**2 - 29*y - 20. Calculate o(15).
-5
Let o(y) = 5*y + 97. Calculate o(-17).
12
Let a(j) = -8*j + 16. Calculate a(3).
-8
Let w(y) = y**2 + y - 35. Determine w(6).
7
Let p(c) = 386*c + 1161. Calculate p(-3).
3
Let r(k) = 4*k + 37. What is r(-10)?
-3
Let o(i) = i**3 - 6*i**2 - 4*i - 10. Give o(7).
11
Let u(l) = l**3 + 36*l**2 - 31*l + 222. What is u(-37)?
0
Let a(f) = -f + 7. Give a(8).
-1
Let d(q) = -5*q + 6. Determine d(2).
-4
Let k(w) = w**2 + 5*w - 7. Determine k(-6).
-1
Let g(p) = -27*p**3 + 3*p**2 + 8*p + 5. Give g(-1).
27
Let q(n) = -n**2 + n - 6. Give q(-6).
-48
Let h(a) = -3*a**2 + 37*a - 38. Determine h(11).
6
Let o(t) = 19*t - 4. Determine o(3).
53
Let b(a) = a**3 + 17*a**2 - 19*a + 9. What is b(-18)?
27
Let c(v) = v**3 - 8*v**2 + 9*v + 2. What is c(7)?
16
Let o(k) = -4*k**2 + 2*k + 11. What is o(0)?
11
Let k(v) = v**3 + 8*v**2 + v - 49. Determine k(-7).
-7
Let b(q) = -7*q - 6. Determine b(-5).
29
Let n(c) = 3*c - 3. Calculate n(2).
3
Let t(x) = -19*x**2 - 3*x - 2. Calculate t(-2).
-72
Let b(w) = -w**3 - 3*w**2 - 4*w - 5. Calculate b(-2).
-1
Let r(m) = -8*m - 7. Determine r(-6).
41
Let h(u) = -u + 97. Calculate h(0).
97
Let a(t) = -3*t - 1. What is a(-2)?
5
Let h(q) = -2*q**2 + 8*q - 14. Calculate h(2).
-6
Let y(l) = l**3 - 2*l**2 - 15*l + 16. Determine y(5).
16
Let c(p) = 3*p**3 + 3*p**2 + 3*p + 1. Determine c(-2).
-17
Let z(p) = -14*p**2. What is z(-1)?
-14
Let g(a) = -a**2 - 16*a + 23. Give g(-18).
-13
Let o(g) = -2*g**2 + 11*g + 20. Calculate o(8).
-20
Let z(q) = 12*q - 29. What is z(3)?
7
Let u(x) = x**3 + 2*x**2 + 7*x + 8. What is u(-2)?
-6
Let h(l) = -l**3 + 7*l**2 - 5*l - 3. Determine h(6).
3
Let x(u) = 10*u**2 - u. Give x(1).
9
Let t(b) = -8*b**2 + b + 1. Give t(-1).
-8
Let d(p) = p**3